Last updated on 2024-07-22 15:57:28 CEST.
Flavor | Version | Tinstall | Tcheck | Ttotal | Status | Flags |
---|---|---|---|---|---|---|
r-devel-linux-x86_64-debian-clang | 2.6 | 37.75 | 296.73 | 334.48 | NOTE | |
r-devel-linux-x86_64-debian-gcc | 2.6 | 26.32 | 216.71 | 243.03 | NOTE | |
r-devel-linux-x86_64-fedora-clang | 2.6 | 442.19 | NOTE | |||
r-devel-linux-x86_64-fedora-gcc | 2.6 | 409.04 | NOTE | |||
r-devel-windows-x86_64 | 2.6 | 34.00 | 234.00 | 268.00 | NOTE | |
r-patched-linux-x86_64 | 2.6 | 27.87 | 300.36 | 328.23 | NOTE | |
r-release-linux-x86_64 | 2.6 | 24.00 | 298.78 | 322.78 | NOTE | |
r-release-macos-arm64 | 2.6 | 97.00 | NOTE | |||
r-release-macos-x86_64 | 2.6 | 153.00 | NOTE | |||
r-release-windows-x86_64 | 2.6 | 38.00 | 228.00 | 266.00 | NOTE | |
r-oldrel-macos-arm64 | 2.6 | 114.00 | NOTE | |||
r-oldrel-macos-x86_64 | 2.6 | 194.00 | NOTE | |||
r-oldrel-windows-x86_64 | 2.6 | 48.00 | 332.00 | 380.00 | NOTE |
Version: 2.6
Check: C++ specification
Result: NOTE
Specified C++11: please drop specification unless essential
Flavors: r-devel-linux-x86_64-debian-clang, r-devel-linux-x86_64-debian-gcc, r-devel-linux-x86_64-fedora-clang, r-devel-linux-x86_64-fedora-gcc, r-devel-windows-x86_64, r-patched-linux-x86_64, r-release-linux-x86_64, r-release-macos-arm64, r-release-macos-x86_64, r-release-windows-x86_64, r-oldrel-macos-arm64, r-oldrel-macos-x86_64, r-oldrel-windows-x86_64