Last updated on 2024-07-22 15:57:28 CEST.
Flavor | Version | Tinstall | Tcheck | Ttotal | Status | Flags |
---|---|---|---|---|---|---|
r-devel-linux-x86_64-debian-clang | 1.0.1 | 29.98 | 47.72 | 77.70 | OK | |
r-devel-linux-x86_64-debian-gcc | 1.0.1 | 21.33 | 36.35 | 57.68 | OK | |
r-devel-linux-x86_64-fedora-clang | 1.0.1 | 140.07 | NOTE | |||
r-devel-linux-x86_64-fedora-gcc | 1.0.1 | 121.40 | NOTE | |||
r-devel-windows-x86_64 | 1.0.1 | 29.00 | 84.00 | 113.00 | OK | |
r-patched-linux-x86_64 | 1.0.1 | 41.03 | 46.78 | 87.81 | OK | |
r-release-linux-x86_64 | 1.0.1 | 27.93 | 45.52 | 73.45 | OK | |
r-release-macos-arm64 | 1.0.1 | 38.00 | OK | |||
r-release-macos-x86_64 | 1.0.1 | 51.00 | OK | |||
r-release-windows-x86_64 | 1.0.1 | 39.00 | 74.00 | 113.00 | OK | |
r-oldrel-macos-arm64 | 1.0.1 | 43.00 | OK | |||
r-oldrel-macos-x86_64 | 1.0.1 | 67.00 | OK | |||
r-oldrel-windows-x86_64 | 1.0.1 | 48.00 | 89.00 | 137.00 | OK |
Version: 1.0.1
Check: dependencies in R code
Result: NOTE
Namespace in Imports field not imported from: ‘pedtools’
All declared Imports should be used.
Flavors: r-devel-linux-x86_64-fedora-clang, r-devel-linux-x86_64-fedora-gcc