Last updated on 2024-07-22 15:57:28 CEST.
Flavor | Version | Tinstall | Tcheck | Ttotal | Status | Flags |
---|---|---|---|---|---|---|
r-devel-linux-x86_64-debian-clang | 2.0.1 | 8.52 | 114.04 | 122.56 | OK | |
r-devel-linux-x86_64-debian-gcc | 2.0.1 | 7.65 | 82.76 | 90.41 | NOTE | |
r-devel-linux-x86_64-fedora-clang | 2.0.1 | 153.69 | NOTE | |||
r-devel-linux-x86_64-fedora-gcc | 2.0.1 | 156.20 | OK | |||
r-devel-windows-x86_64 | 2.0.1 | 11.00 | 96.00 | 107.00 | NOTE | |
r-patched-linux-x86_64 | 2.0.1 | 13.12 | 107.35 | 120.47 | OK | |
r-release-linux-x86_64 | 2.0.1 | 8.32 | 103.95 | 112.27 | OK | |
r-release-macos-arm64 | 2.0.1 | 48.00 | OK | |||
r-release-macos-x86_64 | 2.0.1 | 81.00 | OK | |||
r-release-windows-x86_64 | 2.0.1 | 9.00 | 96.00 | 105.00 | OK | |
r-oldrel-macos-arm64 | 2.0.1 | 55.00 | OK | |||
r-oldrel-macos-x86_64 | 2.0.1 | 85.00 | OK | |||
r-oldrel-windows-x86_64 | 2.0.1 | 13.00 | 114.00 | 127.00 | OK |
Version: 2.0.1
Check: Rd cross-references
Result: NOTE
Found the following Rd file(s) with Rd \link{} targets missing package
anchors:
insert_or.Rd: ggplot2
Please provide package anchors for all Rd \link{} targets not in the
package itself and the base packages.
Flavors: r-devel-linux-x86_64-debian-gcc, r-devel-windows-x86_64
Version: 2.0.1
Check: Rd cross-references
Result: NOTE
Undeclared package ‘gam’ in Rd xrefs
Flavor: r-devel-linux-x86_64-fedora-clang