Last updated on 2024-07-22 15:57:29 CEST.
Flavor | Version | Tinstall | Tcheck | Ttotal | Status | Flags |
---|---|---|---|---|---|---|
r-devel-linux-x86_64-debian-clang | 0.0.9 | 10.44 | 76.57 | 87.01 | NOTE | |
r-devel-linux-x86_64-debian-gcc | 0.0.9 | 6.42 | 58.20 | 64.62 | NOTE | |
r-devel-linux-x86_64-fedora-clang | 0.0.9 | 116.25 | NOTE | |||
r-devel-linux-x86_64-fedora-gcc | 0.0.9 | 116.66 | NOTE | |||
r-devel-windows-x86_64 | 0.0.9 | 9.00 | 76.00 | 85.00 | NOTE | |
r-patched-linux-x86_64 | 0.0.9 | 8.25 | 74.01 | 82.26 | NOTE | |
r-release-linux-x86_64 | 0.0.9 | 7.25 | 72.11 | 79.36 | NOTE | |
r-release-macos-arm64 | 0.0.9 | 42.00 | NOTE | |||
r-release-macos-x86_64 | 0.0.9 | 61.00 | NOTE | |||
r-release-windows-x86_64 | 0.0.9 | 8.00 | 76.00 | 84.00 | NOTE | |
r-oldrel-macos-arm64 | 0.0.9 | 47.00 | NOTE | |||
r-oldrel-macos-x86_64 | 0.0.9 | 82.00 | NOTE | |||
r-oldrel-windows-x86_64 | 0.0.9 | 10.00 | 87.00 | 97.00 | NOTE |
Version: 0.0.9
Check: package dependencies
Result: NOTE
Package which this enhances but not available for checking: ‘CorShrink’
Flavors: r-devel-linux-x86_64-debian-clang, r-devel-linux-x86_64-debian-gcc, r-devel-linux-x86_64-fedora-clang, r-devel-linux-x86_64-fedora-gcc, r-devel-windows-x86_64, r-patched-linux-x86_64, r-release-linux-x86_64, r-release-macos-arm64, r-release-macos-x86_64, r-release-windows-x86_64, r-oldrel-macos-arm64, r-oldrel-macos-x86_64, r-oldrel-windows-x86_64