Last updated on 2024-07-22 15:57:29 CEST.
Flavor | Version | Tinstall | Tcheck | Ttotal | Status | Flags |
---|---|---|---|---|---|---|
r-devel-linux-x86_64-debian-clang | 2.0.9 | 9.16 | 284.97 | 294.13 | OK | |
r-devel-linux-x86_64-debian-gcc | 2.0.9 | 8.53 | 217.71 | 226.24 | OK | |
r-devel-linux-x86_64-fedora-clang | 2.0.9 | 380.36 | NOTE | |||
r-devel-linux-x86_64-fedora-gcc | 2.0.9 | 375.10 | OK | |||
r-devel-windows-x86_64 | 2.0.9 | 13.00 | 197.00 | 210.00 | NOTE | |
r-patched-linux-x86_64 | 2.0.9 | 7.63 | 272.12 | 279.75 | OK | |
r-release-linux-x86_64 | 2.0.9 | 6.57 | 279.30 | 285.87 | OK | |
r-release-macos-arm64 | 2.0.9 | 93.00 | NOTE | |||
r-release-macos-x86_64 | 2.0.9 | 228.00 | NOTE | |||
r-release-windows-x86_64 | 2.0.9 | 11.00 | 196.00 | 207.00 | NOTE | |
r-oldrel-macos-arm64 | 2.0.9 | 116.00 | NOTE | |||
r-oldrel-macos-x86_64 | 2.0.9 | 205.00 | NOTE | |||
r-oldrel-windows-x86_64 | 2.0.9 | 13.00 | 234.00 | 247.00 | NOTE |
Version: 2.0.9
Check: installed package size
Result: NOTE
installed size is 5.6Mb
sub-directories of 1Mb or more:
doc 5.2Mb
Flavors: r-devel-linux-x86_64-fedora-clang, r-devel-windows-x86_64, r-release-macos-arm64, r-release-macos-x86_64, r-release-windows-x86_64, r-oldrel-macos-arm64, r-oldrel-macos-x86_64, r-oldrel-windows-x86_64