Last updated on 2024-07-22 15:57:30 CEST.
Flavor | Version | Tinstall | Tcheck | Ttotal | Status | Flags |
---|---|---|---|---|---|---|
r-devel-linux-x86_64-debian-clang | 0.2-12 | 111.03 | 181.44 | 292.47 | OK | |
r-devel-linux-x86_64-debian-gcc | 0.2-12 | 78.02 | 131.54 | 209.56 | OK | |
r-devel-linux-x86_64-fedora-clang | 0.2-12 | 438.28 | OK | |||
r-devel-linux-x86_64-fedora-gcc | 0.2-12 | 412.18 | OK | |||
r-devel-windows-x86_64 | 0.2-12 | 95.00 | 172.00 | 267.00 | OK | |
r-patched-linux-x86_64 | 0.2-12 | 115.57 | 177.60 | 293.17 | OK | |
r-release-linux-x86_64 | 0.2-12 | 101.89 | 174.07 | 275.96 | OK | |
r-release-macos-arm64 | 0.2-12 | 114.00 | NOTE | |||
r-release-macos-x86_64 | 0.2-12 | 205.00 | NOTE | |||
r-release-windows-x86_64 | 0.2-12 | 106.00 | 172.00 | 278.00 | OK | |
r-oldrel-macos-arm64 | 0.2-12 | 108.00 | NOTE | |||
r-oldrel-macos-x86_64 | 0.2-12 | 215.00 | NOTE | |||
r-oldrel-windows-x86_64 | 0.2-12 | 130.00 | 201.00 | 331.00 | OK |
Version: 0.2-12
Check: installed package size
Result: NOTE
installed size is 7.9Mb
sub-directories of 1Mb or more:
libs 7.4Mb
Flavors: r-release-macos-arm64, r-release-macos-x86_64, r-oldrel-macos-arm64, r-oldrel-macos-x86_64