Last updated on 2024-07-22 15:57:31 CEST.
Flavor | Version | Tinstall | Tcheck | Ttotal | Status | Flags |
---|---|---|---|---|---|---|
r-devel-linux-x86_64-debian-clang | 1.0.2 | 20.32 | 210.30 | 230.62 | OK | |
r-devel-linux-x86_64-debian-gcc | 1.0.2 | 13.08 | 155.15 | 168.23 | OK | |
r-devel-linux-x86_64-fedora-clang | 1.0.2 | 277.94 | OK | |||
r-devel-linux-x86_64-fedora-gcc | 1.0.2 | 276.03 | OK | |||
r-devel-windows-x86_64 | 1.0.2 | 18.00 | 156.00 | 174.00 | OK | |
r-patched-linux-x86_64 | 1.0.2 | 16.46 | 198.59 | 215.05 | OK | |
r-release-linux-x86_64 | 1.0.2 | 12.66 | 204.01 | 216.67 | OK | |
r-release-macos-arm64 | 1.0.2 | 73.00 | OK | |||
r-release-macos-x86_64 | 1.0.2 | 124.00 | OK | |||
r-release-windows-x86_64 | 1.0.2 | 16.00 | 161.00 | 177.00 | OK | |
r-oldrel-macos-arm64 | 1.0.2 | 89.00 | OK | |||
r-oldrel-macos-x86_64 | 1.0.2 | 129.00 | NOTE | |||
r-oldrel-windows-x86_64 | 1.0.2 | 22.00 | 193.00 | 215.00 | OK |
Version: 1.0.2
Check: package dependencies
Result: NOTE
Package suggested but not available for checking: ‘ggpubr’
Flavor: r-oldrel-macos-x86_64