Last updated on 2024-07-22 15:57:32 CEST.
Flavor | Version | Tinstall | Tcheck | Ttotal | Status | Flags |
---|---|---|---|---|---|---|
r-devel-linux-x86_64-debian-clang | 1.1.1 | 7.69 | 26.97 | 34.66 | NOTE | |
r-devel-linux-x86_64-debian-gcc | 1.1.1 | 7.76 | 21.32 | 29.08 | NOTE | |
r-devel-linux-x86_64-fedora-clang | 1.1.1 | 49.42 | NOTE | |||
r-devel-linux-x86_64-fedora-gcc | 1.1.1 | 45.74 | NOTE | |||
r-devel-windows-x86_64 | 1.1.1 | 12.00 | 43.00 | 55.00 | NOTE | |
r-patched-linux-x86_64 | 1.1.1 | 8.74 | 25.47 | 34.21 | NOTE | |
r-release-linux-x86_64 | 1.1.1 | 8.60 | 25.28 | 33.88 | NOTE | |
r-release-macos-arm64 | 1.1.1 | 21.00 | NOTE | |||
r-release-macos-x86_64 | 1.1.1 | 32.00 | NOTE | |||
r-release-windows-x86_64 | 1.1.1 | 10.00 | 43.00 | 53.00 | NOTE | |
r-oldrel-macos-arm64 | 1.1.1 | 24.00 | NOTE | |||
r-oldrel-macos-x86_64 | 1.1.1 | 30.00 | NOTE | |||
r-oldrel-windows-x86_64 | 1.1.1 | 12.00 | 43.00 | 55.00 | NOTE |
Version: 1.1.1
Check: LazyData
Result: NOTE
'LazyData' is specified without a 'data' directory
Flavors: r-devel-linux-x86_64-debian-clang, r-devel-linux-x86_64-debian-gcc, r-devel-linux-x86_64-fedora-clang, r-devel-linux-x86_64-fedora-gcc, r-devel-windows-x86_64, r-patched-linux-x86_64, r-release-linux-x86_64, r-release-macos-arm64, r-release-macos-x86_64, r-release-windows-x86_64, r-oldrel-macos-arm64, r-oldrel-macos-x86_64, r-oldrel-windows-x86_64