Last updated on 2024-07-22 15:57:32 CEST.
Flavor | Version | Tinstall | Tcheck | Ttotal | Status | Flags |
---|---|---|---|---|---|---|
r-devel-linux-x86_64-debian-clang | 0.2.1 | 95.33 | 46.39 | 141.72 | OK | |
r-devel-linux-x86_64-debian-gcc | 0.2.1 | 81.12 | 35.14 | 116.26 | OK | |
r-devel-linux-x86_64-fedora-clang | 0.2.1 | 193.62 | NOTE | |||
r-devel-linux-x86_64-fedora-gcc | 0.2.1 | 244.23 | OK | |||
r-devel-windows-x86_64 | 0.2.1 | 78.00 | 85.00 | 163.00 | NOTE | |
r-patched-linux-x86_64 | 0.2.1 | 103.96 | 43.79 | 147.75 | OK | |
r-release-linux-x86_64 | 0.2.1 | 100.84 | 44.41 | 145.25 | OK | |
r-release-macos-arm64 | 0.2.1 | 50.00 | NOTE | |||
r-release-macos-x86_64 | 0.2.1 | 96.00 | NOTE | |||
r-release-windows-x86_64 | 0.2.1 | 86.00 | 91.00 | 177.00 | NOTE | |
r-oldrel-macos-arm64 | 0.2.1 | 63.00 | NOTE | |||
r-oldrel-macos-x86_64 | 0.2.1 | 98.00 | NOTE | |||
r-oldrel-windows-x86_64 | 0.2.1 | 83.00 | 104.00 | 187.00 | NOTE |
Version: 0.2.1
Check: installed package size
Result: NOTE
installed size is 5.0Mb
sub-directories of 1Mb or more:
lemon 2.9Mb
libs 1.9Mb
Flavors: r-devel-linux-x86_64-fedora-clang, r-devel-windows-x86_64, r-release-macos-arm64, r-release-macos-x86_64, r-release-windows-x86_64, r-oldrel-macos-arm64, r-oldrel-macos-x86_64, r-oldrel-windows-x86_64