Last updated on 2024-07-22 15:57:32 CEST.
Flavor | Version | Tinstall | Tcheck | Ttotal | Status | Flags |
---|---|---|---|---|---|---|
r-devel-linux-x86_64-debian-clang | 2.27 | 10.79 | 87.25 | 98.04 | OK | |
r-devel-linux-x86_64-debian-gcc | 2.27 | 11.33 | 64.01 | 75.34 | OK | |
r-devel-linux-x86_64-fedora-clang | 2.27 | 131.59 | NOTE | |||
r-devel-linux-x86_64-fedora-gcc | 2.27 | 128.33 | OK | |||
r-devel-windows-x86_64 | 2.27 | 15.00 | 91.00 | 106.00 | NOTE | |
r-patched-linux-x86_64 | 2.27 | 15.53 | 80.78 | 96.31 | OK | |
r-release-linux-x86_64 | 2.27 | 13.04 | 81.07 | 94.11 | OK | |
r-release-macos-arm64 | 2.27 | 54.00 | NOTE | |||
r-release-macos-x86_64 | 2.27 | 65.00 | NOTE | |||
r-release-windows-x86_64 | 2.27 | 14.00 | 90.00 | 104.00 | NOTE | |
r-oldrel-macos-arm64 | 2.27 | 50.00 | NOTE | |||
r-oldrel-macos-x86_64 | 2.27 | 97.00 | NOTE | |||
r-oldrel-windows-x86_64 | 2.27 | 16.00 | 104.00 | 120.00 | NOTE |
Version: 2.27
Check: installed package size
Result: NOTE
installed size is 7.3Mb
sub-directories of 1Mb or more:
rmd 6.2Mb
Flavors: r-devel-linux-x86_64-fedora-clang, r-devel-windows-x86_64, r-release-macos-arm64, r-release-macos-x86_64, r-release-windows-x86_64, r-oldrel-macos-arm64, r-oldrel-macos-x86_64, r-oldrel-windows-x86_64