Last updated on 2024-07-22 15:57:32 CEST.
Flavor | Version | Tinstall | Tcheck | Ttotal | Status | Flags |
---|---|---|---|---|---|---|
r-devel-linux-x86_64-debian-clang | 1.1.3 | 12.42 | 106.91 | 119.33 | NOTE | |
r-devel-linux-x86_64-debian-gcc | 1.1.3 | 6.95 | 80.04 | 86.99 | NOTE | |
r-devel-linux-x86_64-fedora-clang | 1.1.3 | 147.61 | NOTE | |||
r-devel-linux-x86_64-fedora-gcc | 1.1.3 | 163.87 | NOTE | |||
r-devel-windows-x86_64 | 1.1.3 | 15.00 | 104.00 | 119.00 | NOTE | |
r-patched-linux-x86_64 | 1.1.3 | 12.12 | 102.03 | 114.15 | NOTE | |
r-release-linux-x86_64 | 1.1.3 | 6.75 | 102.29 | 109.04 | NOTE | |
r-release-macos-arm64 | 1.1.3 | 58.00 | NOTE | |||
r-release-macos-x86_64 | 1.1.3 | 89.00 | NOTE | |||
r-release-windows-x86_64 | 1.1.3 | 13.00 | 100.00 | 113.00 | NOTE | |
r-oldrel-macos-arm64 | 1.1.3 | 54.00 | OK | |||
r-oldrel-macos-x86_64 | 1.1.3 | 109.00 | OK | |||
r-oldrel-windows-x86_64 | 1.1.3 | 15.00 | 120.00 | 135.00 | OK |
Version: 1.1.3
Check: Rd files
Result: NOTE
checkRd: (-1) update_tidy_omic.Rd:16-17: Lost braces
16 | in \code{updated_tidy_data} (names) and the table {features, samples,
| ^
Flavors: r-devel-linux-x86_64-debian-clang, r-devel-linux-x86_64-debian-gcc, r-devel-linux-x86_64-fedora-clang, r-devel-linux-x86_64-fedora-gcc, r-devel-windows-x86_64, r-patched-linux-x86_64, r-release-linux-x86_64, r-release-macos-arm64, r-release-macos-x86_64, r-release-windows-x86_64