Last updated on 2024-07-22 15:57:33 CEST.
Flavor | Version | Tinstall | Tcheck | Ttotal | Status | Flags |
---|---|---|---|---|---|---|
r-devel-linux-x86_64-debian-clang | 0.6.9 | 34.47 | 853.99 | 888.46 | OK | |
r-devel-linux-x86_64-debian-gcc | 0.6.9 | 24.70 | 590.44 | 615.14 | OK | |
r-devel-linux-x86_64-fedora-clang | 0.6.9 | 597.01 | NOTE | |||
r-devel-linux-x86_64-fedora-gcc | 0.6.9 | 1005.63 | OK | |||
r-devel-windows-x86_64 | 0.6.9 | 27.00 | 527.00 | 554.00 | NOTE | |
r-patched-linux-x86_64 | 0.6.9 | 36.84 | 801.71 | 838.55 | OK | |
r-release-linux-x86_64 | 0.6.9 | 26.79 | 778.65 | 805.44 | OK | |
r-release-macos-arm64 | 0.6.9 | 282.00 | NOTE | |||
r-release-macos-x86_64 | 0.6.9 | 801.00 | NOTE | |||
r-release-windows-x86_64 | 0.6.9 | 26.00 | 536.00 | 562.00 | NOTE | |
r-oldrel-macos-arm64 | 0.6.9 | 363.00 | NOTE | |||
r-oldrel-macos-x86_64 | 0.6.9 | 692.00 | NOTE | |||
r-oldrel-windows-x86_64 | 0.6.9 | 37.00 | 726.00 | 763.00 | NOTE |
Version: 0.6.9
Check: installed package size
Result: NOTE
installed size is 5.6Mb
sub-directories of 1Mb or more:
R 1.5Mb
doc 1.5Mb
help 2.4Mb
Flavors: r-devel-linux-x86_64-fedora-clang, r-devel-windows-x86_64, r-release-macos-arm64, r-release-macos-x86_64, r-release-windows-x86_64, r-oldrel-macos-arm64, r-oldrel-macos-x86_64, r-oldrel-windows-x86_64