Last updated on 2024-07-22 15:57:33 CEST.
Flavor | Version | Tinstall | Tcheck | Ttotal | Status | Flags |
---|---|---|---|---|---|---|
r-devel-linux-x86_64-debian-clang | 3.3 | 23.49 | 167.22 | 190.71 | OK | |
r-devel-linux-x86_64-debian-gcc | 3.3 | 20.56 | 119.18 | 139.74 | NOTE | |
r-devel-linux-x86_64-fedora-clang | 3.3 | 234.38 | OK | |||
r-devel-linux-x86_64-fedora-gcc | 3.3 | 219.27 | OK | |||
r-devel-windows-x86_64 | 3.3 | 28.00 | 144.00 | 172.00 | NOTE | |
r-patched-linux-x86_64 | 3.3 | 28.12 | 155.96 | 184.08 | OK | |
r-release-linux-x86_64 | 3.3 | 16.51 | 157.68 | 174.19 | OK | |
r-release-macos-arm64 | 3.3 | 63.00 | OK | |||
r-release-macos-x86_64 | 3.3 | 135.00 | OK | |||
r-release-windows-x86_64 | 3.3 | 26.00 | 141.00 | 167.00 | OK | |
r-oldrel-macos-arm64 | 3.3 | 66.00 | OK | |||
r-oldrel-macos-x86_64 | 3.3 | 137.00 | OK | |||
r-oldrel-windows-x86_64 | 3.3 | 30.00 | 170.00 | 200.00 | OK |
Version: 3.3
Check: Rd cross-references
Result: NOTE
Found the following Rd file(s) with Rd \link{} targets missing package
anchors:
npdeSaemix.Rd: npde, NpdeObject, npde.graphs, gof.test,
npde.plot.select, autonpde, npde.plot.scatterplot, npde.plot.dist
xbinning.Rd: npde, autonpde
Please provide package anchors for all Rd \link{} targets not in the
package itself and the base packages.
Flavors: r-devel-linux-x86_64-debian-gcc, r-devel-windows-x86_64