Last updated on 2024-07-22 15:57:33 CEST.
Flavor | Version | Tinstall | Tcheck | Ttotal | Status | Flags |
---|---|---|---|---|---|---|
r-devel-linux-x86_64-debian-clang | 0.6.1 | 20.79 | 168.17 | 188.96 | OK | |
r-devel-linux-x86_64-debian-gcc | 0.6.1 | 15.10 | 124.71 | 139.81 | NOTE | |
r-devel-linux-x86_64-fedora-clang | 0.6.1 | 247.56 | OK | |||
r-devel-linux-x86_64-fedora-gcc | 0.6.1 | 233.99 | OK | |||
r-devel-windows-x86_64 | 0.6.1 | 17.00 | 142.00 | 159.00 | NOTE | |
r-patched-linux-x86_64 | 0.6.1 | 24.50 | 161.32 | 185.82 | OK | |
r-release-linux-x86_64 | 0.6.1 | 16.22 | 162.01 | 178.23 | OK | |
r-release-macos-arm64 | 0.6.1 | 70.00 | OK | |||
r-release-macos-x86_64 | 0.6.1 | 109.00 | OK | |||
r-release-windows-x86_64 | 0.6.1 | 17.00 | 142.00 | 159.00 | OK | |
r-oldrel-macos-arm64 | 0.6.1 | 80.00 | OK | |||
r-oldrel-macos-x86_64 | 0.6.1 | 131.00 | OK | |||
r-oldrel-windows-x86_64 | 0.6.1 | 21.00 | 177.00 | 198.00 | OK |
Version: 0.6.1
Check: Rd cross-references
Result: NOTE
Found the following Rd file(s) with Rd \link{} targets missing package
anchors:
R2.Rd: predict.merMod, hatvalues.merMod
bootCI.Rd: boot.ci
bootEff.Rd: bootMer, boot
predEff.Rd: predict.merMod, boot.ci
semEff.Rd: boot.ci
Please provide package anchors for all Rd \link{} targets not in the
package itself and the base packages.
Flavors: r-devel-linux-x86_64-debian-gcc, r-devel-windows-x86_64