Last updated on 2024-07-22 15:57:34 CEST.
Flavor | Version | Tinstall | Tcheck | Ttotal | Status | Flags |
---|---|---|---|---|---|---|
r-devel-linux-x86_64-debian-clang | 2.0.0 | 4.60 | 42.44 | 47.04 | NOTE | |
r-devel-linux-x86_64-debian-gcc | 2.0.0 | 2.91 | 31.99 | 34.90 | NOTE | |
r-devel-linux-x86_64-fedora-clang | 2.0.0 | 60.97 | NOTE | |||
r-devel-linux-x86_64-fedora-gcc | 2.0.0 | 58.96 | NOTE | |||
r-devel-windows-x86_64 | 2.0.0 | 5.00 | 56.00 | 61.00 | OK | |
r-patched-linux-x86_64 | 2.0.0 | 3.68 | 41.01 | 44.69 | NOTE | |
r-release-linux-x86_64 | 2.0.0 | 4.17 | 40.47 | 44.64 | NOTE | |
r-release-macos-arm64 | 2.0.0 | 26.00 | NOTE | |||
r-release-macos-x86_64 | 2.0.0 | 33.00 | NOTE | |||
r-release-windows-x86_64 | 2.0.0 | 4.00 | 55.00 | 59.00 | OK | |
r-oldrel-macos-arm64 | 2.0.0 | 30.00 | OK | |||
r-oldrel-macos-x86_64 | 2.0.0 | 33.00 | OK | |||
r-oldrel-windows-x86_64 | 2.0.0 | 5.00 | 61.00 | 66.00 | OK |
Version: 2.0.0
Check: package dependencies
Result: NOTE
Package suggested but not available for checking: ‘captioner’
Flavors: r-devel-linux-x86_64-debian-clang, r-devel-linux-x86_64-debian-gcc, r-devel-linux-x86_64-fedora-clang, r-devel-linux-x86_64-fedora-gcc, r-patched-linux-x86_64, r-release-linux-x86_64, r-release-macos-arm64, r-release-macos-x86_64