Last updated on 2024-07-22 15:57:34 CEST.
Flavor | Version | Tinstall | Tcheck | Ttotal | Status | Flags |
---|---|---|---|---|---|---|
r-devel-linux-x86_64-debian-clang | 0.2.2 | 4.13 | 165.83 | 169.96 | OK | |
r-devel-linux-x86_64-debian-gcc | 0.2.2 | 3.50 | 121.33 | 124.83 | OK | |
r-devel-linux-x86_64-fedora-clang | 0.2.2 | 206.85 | NOTE | |||
r-devel-linux-x86_64-fedora-gcc | 0.2.2 | 209.26 | OK | |||
r-devel-windows-x86_64 | 0.2.2 | 5.00 | 130.00 | 135.00 | OK | |
r-patched-linux-x86_64 | 0.2.2 | 4.69 | 150.61 | 155.30 | OK | |
r-release-linux-x86_64 | 0.2.2 | 4.40 | 155.28 | 159.68 | OK | |
r-release-macos-arm64 | 0.2.2 | 60.00 | OK | |||
r-release-macos-x86_64 | 0.2.2 | 98.00 | OK | |||
r-release-windows-x86_64 | 0.2.2 | 5.00 | 128.00 | 133.00 | OK | |
r-oldrel-macos-arm64 | 0.2.2 | 67.00 | OK | |||
r-oldrel-macos-x86_64 | 0.2.2 | 120.00 | OK | |||
r-oldrel-windows-x86_64 | 0.2.2 | 6.00 | 166.00 | 172.00 | OK |
Version: 0.2.2
Check: Rd cross-references
Result: NOTE
Undeclared package ‘sp’ in Rd xrefs
Flavor: r-devel-linux-x86_64-fedora-clang