Last updated on 2024-07-22 15:57:35 CEST.
Flavor | Version | Tinstall | Tcheck | Ttotal | Status | Flags |
---|---|---|---|---|---|---|
r-devel-linux-x86_64-debian-clang | 1.5.1 | 5.94 | 72.28 | 78.22 | OK | |
r-devel-linux-x86_64-debian-gcc | 1.5.1 | 4.41 | 53.11 | 57.52 | NOTE | |
r-devel-linux-x86_64-fedora-clang | 1.5.1 | 98.31 | OK | |||
r-devel-linux-x86_64-fedora-gcc | 1.5.1 | 102.70 | OK | |||
r-devel-windows-x86_64 | 1.5.1 | 7.00 | 82.00 | 89.00 | NOTE | |
r-patched-linux-x86_64 | 1.5.1 | 10.39 | 68.14 | 78.53 | OK | |
r-release-linux-x86_64 | 1.5.1 | 5.69 | 68.09 | 73.78 | OK | |
r-release-macos-arm64 | 1.5.1 | 38.00 | OK | |||
r-release-macos-x86_64 | 1.5.1 | 69.00 | OK | |||
r-release-windows-x86_64 | 1.5.1 | 6.00 | 81.00 | 87.00 | OK | |
r-oldrel-macos-arm64 | 1.5.1 | 39.00 | OK | |||
r-oldrel-macos-x86_64 | 1.5.1 | 87.00 | OK | |||
r-oldrel-windows-x86_64 | 1.5.1 | 8.00 | 93.00 | 101.00 | OK |
Version: 1.5.1
Check: Rd cross-references
Result: NOTE
Found the following Rd file(s) with Rd \link{} targets missing package
anchors:
str_replace.Rd: stri_replace
str_split.Rd: stri_split
Please provide package anchors for all Rd \link{} targets not in the
package itself and the base packages.
Flavors: r-devel-linux-x86_64-debian-gcc, r-devel-windows-x86_64