Last updated on 2024-07-22 15:57:36 CEST.
Flavor | Version | Tinstall | Tcheck | Ttotal | Status | Flags |
---|---|---|---|---|---|---|
r-devel-linux-x86_64-debian-clang | 0.1.1 | 4.20 | 110.10 | 114.30 | OK | |
r-devel-linux-x86_64-debian-gcc | 0.1.1 | 3.67 | 85.95 | 89.62 | OK | |
r-devel-linux-x86_64-fedora-clang | 0.1.1 | 144.90 | NOTE | |||
r-devel-linux-x86_64-fedora-gcc | 0.1.1 | 153.25 | NOTE | |||
r-devel-windows-x86_64 | 0.1.1 | 7.00 | 96.00 | 103.00 | OK | |
r-patched-linux-x86_64 | 0.1.1 | 4.82 | 108.67 | 113.49 | OK | |
r-release-linux-x86_64 | 0.1.1 | 3.28 | 106.80 | 110.08 | OK | |
r-release-macos-arm64 | 0.1.1 | 49.00 | OK | |||
r-release-macos-x86_64 | 0.1.1 | 77.00 | OK | |||
r-release-windows-x86_64 | 0.1.1 | 7.00 | 95.00 | 102.00 | OK | |
r-oldrel-macos-arm64 | 0.1.1 | 64.00 | OK | |||
r-oldrel-macos-x86_64 | 0.1.1 | 110.00 | OK | |||
r-oldrel-windows-x86_64 | 0.1.1 | 7.00 | 114.00 | 121.00 | OK |
Version: 0.1.1
Check: data for non-ASCII characters
Result: NOTE
Note: found 4546 marked UTF-8 strings
Flavors: r-devel-linux-x86_64-fedora-clang, r-devel-linux-x86_64-fedora-gcc