Last updated on 2024-07-22 15:57:36 CEST.
Flavor | Version | Tinstall | Tcheck | Ttotal | Status | Flags |
---|---|---|---|---|---|---|
r-devel-linux-x86_64-debian-clang | 0.5.8 | 7.82 | 128.45 | 136.27 | OK | |
r-devel-linux-x86_64-debian-gcc | 0.5.8 | 7.43 | 94.72 | 102.15 | OK | |
r-devel-linux-x86_64-fedora-clang | 0.5.8 | 170.00 | NOTE | |||
r-devel-linux-x86_64-fedora-gcc | 0.5.8 | 154.66 | NOTE | |||
r-devel-windows-x86_64 | 0.5.8 | 11.00 | 144.00 | 155.00 | OK | |
r-patched-linux-x86_64 | 0.5.8 | 6.97 | 118.47 | 125.44 | OK | |
r-release-linux-x86_64 | 0.5.8 | 5.63 | 121.60 | 127.23 | OK | |
r-release-macos-arm64 | 0.5.8 | 71.00 | OK | |||
r-release-macos-x86_64 | 0.5.8 | 91.00 | OK | |||
r-release-windows-x86_64 | 0.5.8 | 9.00 | 144.00 | 153.00 | OK | |
r-oldrel-macos-arm64 | 0.5.8 | 69.00 | OK | |||
r-oldrel-macos-x86_64 | 0.5.8 | 147.00 | OK | |||
r-oldrel-windows-x86_64 | 0.5.8 | 14.00 | 165.00 | 179.00 | OK |
Version: 0.5.8
Check: data for non-ASCII characters
Result: NOTE
Note: found 4581 marked UTF-8 strings
Flavors: r-devel-linux-x86_64-fedora-clang, r-devel-linux-x86_64-fedora-gcc