Last updated on 2024-07-22 15:57:36 CEST.
Flavor | Version | Tinstall | Tcheck | Ttotal | Status | Flags |
---|---|---|---|---|---|---|
r-devel-linux-x86_64-debian-clang | 0.2.3 | 182.72 | 25.02 | 207.74 | OK | |
r-devel-linux-x86_64-debian-gcc | 0.2.3 | 139.56 | 18.93 | 158.49 | OK | |
r-devel-linux-x86_64-fedora-clang | 0.2.3 | 562.01 | NOTE | |||
r-devel-linux-x86_64-fedora-gcc | 0.2.3 | 616.90 | NOTE | |||
r-devel-windows-x86_64 | 0.2.3 | 95.00 | 72.00 | 167.00 | OK | |
r-patched-linux-x86_64 | 0.2.3 | 180.15 | 23.66 | 203.81 | OK | |
r-release-linux-x86_64 | 0.2.3 | 180.24 | 24.19 | 204.43 | OK | |
r-release-macos-arm64 | 0.2.3 | 79.00 | NOTE | |||
r-release-macos-x86_64 | 0.2.3 | 77.00 | NOTE | |||
r-release-windows-x86_64 | 0.2.3 | 95.00 | 69.00 | 164.00 | OK | |
r-oldrel-macos-arm64 | 0.2.3 | 73.00 | NOTE | |||
r-oldrel-macos-x86_64 | 0.2.3 | 44.00 | ERROR | |||
r-oldrel-windows-x86_64 | 0.2.3 | 86.00 | 81.00 | 167.00 | OK |
Version: 0.2.3
Check: installed package size
Result: NOTE
installed size is 6.9Mb
sub-directories of 1Mb or more:
libs 6.8Mb
Flavors: r-devel-linux-x86_64-fedora-clang, r-release-macos-arm64, r-release-macos-x86_64, r-oldrel-macos-arm64
Version: 0.2.3
Check: data for non-ASCII characters
Result: NOTE
Note: found 2 marked UTF-8 strings
Flavors: r-devel-linux-x86_64-fedora-clang, r-devel-linux-x86_64-fedora-gcc
Version: 0.2.3
Check: whether package can be installed
Result: ERROR
Installation failed.
Flavor: r-oldrel-macos-x86_64