Last updated on 2024-07-22 15:57:36 CEST.
Flavor | Version | Tinstall | Tcheck | Ttotal | Status | Flags |
---|---|---|---|---|---|---|
r-devel-linux-x86_64-debian-clang | 0.1.0 | 5.43 | 43.11 | 48.54 | NOTE | |
r-devel-linux-x86_64-debian-gcc | 0.1.0 | 3.47 | 31.82 | 35.29 | NOTE | |
r-devel-linux-x86_64-fedora-clang | 0.1.0 | 60.07 | NOTE | |||
r-devel-linux-x86_64-fedora-gcc | 0.1.0 | 54.58 | NOTE | |||
r-devel-windows-x86_64 | 0.1.0 | 6.00 | 52.00 | 58.00 | NOTE | |
r-patched-linux-x86_64 | 0.1.0 | 4.13 | 40.37 | 44.50 | NOTE | |
r-release-linux-x86_64 | 0.1.0 | 3.98 | 39.37 | 43.35 | NOTE | |
r-release-macos-arm64 | 0.1.0 | 21.00 | NOTE | |||
r-release-macos-x86_64 | 0.1.0 | 30.00 | NOTE | |||
r-release-windows-x86_64 | 0.1.0 | 5.00 | 51.00 | 56.00 | NOTE | |
r-oldrel-macos-arm64 | 0.1.0 | 21.00 | NOTE | |||
r-oldrel-macos-x86_64 | 0.1.0 | 32.00 | NOTE | |||
r-oldrel-windows-x86_64 | 0.1.0 | 6.00 | 57.00 | 63.00 | NOTE |
Version: 0.1.0
Check: LazyData
Result: NOTE
'LazyData' is specified without a 'data' directory
Flavors: r-devel-linux-x86_64-debian-clang, r-devel-linux-x86_64-debian-gcc, r-devel-linux-x86_64-fedora-clang, r-devel-linux-x86_64-fedora-gcc, r-devel-windows-x86_64, r-patched-linux-x86_64, r-release-linux-x86_64, r-release-macos-arm64, r-release-macos-x86_64, r-release-windows-x86_64, r-oldrel-macos-arm64, r-oldrel-macos-x86_64, r-oldrel-windows-x86_64