Last updated on 2024-07-22 15:57:37 CEST.
Flavor | Version | Tinstall | Tcheck | Ttotal | Status | Flags |
---|---|---|---|---|---|---|
r-devel-linux-x86_64-debian-clang | 1.0.2 | 16.26 | 410.06 | 426.32 | NOTE | |
r-devel-linux-x86_64-debian-gcc | 1.0.2 | 10.90 | 292.87 | 303.77 | NOTE | |
r-devel-linux-x86_64-fedora-clang | 1.0.2 | 364.13 | NOTE | |||
r-devel-linux-x86_64-fedora-gcc | 1.0.2 | 499.21 | OK | |||
r-devel-windows-x86_64 | 1.0.2 | 16.00 | 265.00 | 281.00 | NOTE | |
r-patched-linux-x86_64 | 1.0.2 | 16.23 | 394.98 | 411.21 | NOTE | |
r-release-linux-x86_64 | 1.0.2 | 13.26 | 383.25 | 396.51 | NOTE | |
r-release-macos-arm64 | 1.0.2 | 131.00 | NOTE | |||
r-release-macos-x86_64 | 1.0.2 | 213.00 | NOTE | |||
r-release-windows-x86_64 | 1.0.2 | 15.00 | 270.00 | 285.00 | OK | |
r-oldrel-macos-arm64 | 1.0.2 | 145.00 | NOTE | |||
r-oldrel-macos-x86_64 | 1.0.2 | 351.00 | NOTE | |||
r-oldrel-windows-x86_64 | 1.0.2 | 19.00 | 351.00 | 370.00 | NOTE |
Version: 1.0.2
Check: package dependencies
Result: NOTE
Package suggested but not available for checking: ‘INLA’
Flavors: r-devel-linux-x86_64-debian-clang, r-devel-linux-x86_64-debian-gcc, r-patched-linux-x86_64, r-release-linux-x86_64, r-release-macos-arm64, r-release-macos-x86_64, r-oldrel-macos-arm64, r-oldrel-macos-x86_64, r-oldrel-windows-x86_64
Version: 1.0.2
Check: Rd cross-references
Result: NOTE
Package unavailable to check Rd xrefs: ‘INLA’
Flavors: r-devel-linux-x86_64-debian-clang, r-patched-linux-x86_64, r-release-linux-x86_64, r-release-macos-arm64, r-release-macos-x86_64, r-oldrel-macos-arm64, r-oldrel-macos-x86_64, r-oldrel-windows-x86_64
Version: 1.0.2
Check: Rd cross-references
Result: NOTE
Package unavailable to check Rd xrefs: ‘INLA’
Found the following Rd file(s) with Rd \link{} targets missing package
anchors:
check_regression.Rd: gam.check, plot.earth
evppi.Rd: gam
evppivar.Rd: gam
Please provide package anchors for all Rd \link{} targets not in the
package itself and the base packages.
Flavor: r-devel-linux-x86_64-debian-gcc
Version: 1.0.2
Check: installed package size
Result: NOTE
installed size is 5.0Mb
sub-directories of 1Mb or more:
data 2.5Mb
Flavor: r-devel-linux-x86_64-fedora-clang
Version: 1.0.2
Check: Rd cross-references
Result: NOTE
Found the following Rd file(s) with Rd \link{} targets missing package
anchors:
check_regression.Rd: gam.check, plot.earth
evppi.Rd: gam
evppivar.Rd: gam
Please provide package anchors for all Rd \link{} targets not in the
package itself and the base packages.
Flavor: r-devel-windows-x86_64