Last updated on 2024-07-22 15:57:37 CEST.
Flavor | Version | Tinstall | Tcheck | Ttotal | Status | Flags |
---|---|---|---|---|---|---|
r-devel-linux-x86_64-debian-clang | 1.0.3 | 121.75 | 81.36 | 203.11 | NOTE | |
r-devel-linux-x86_64-debian-gcc | 1.0.3 | 91.09 | 61.02 | 152.11 | NOTE | |
r-devel-linux-x86_64-fedora-clang | 1.0.3 | 155.90 | NOTE | |||
r-devel-linux-x86_64-fedora-gcc | 1.0.3 | 288.49 | NOTE | |||
r-devel-windows-x86_64 | 1.0.3 | 188.00 | 251.00 | 439.00 | NOTE | |
r-patched-linux-x86_64 | 1.0.3 | 117.98 | 78.42 | 196.40 | NOTE | |
r-release-linux-x86_64 | 1.0.3 | 112.49 | 78.21 | 190.70 | NOTE | |
r-release-macos-arm64 | 1.0.3 | 101.00 | NOTE | |||
r-release-macos-x86_64 | 1.0.3 | 155.00 | NOTE | |||
r-release-windows-x86_64 | 1.0.3 | 171.00 | 267.00 | 438.00 | NOTE | |
r-oldrel-macos-arm64 | 1.0.3 | 103.00 | NOTE | |||
r-oldrel-macos-x86_64 | 1.0.3 | 146.00 | NOTE | |||
r-oldrel-windows-x86_64 | 1.0.3 | 186.00 | 299.00 | 485.00 | NOTE |
Version: 1.0.3
Check: for GNU extensions in Makefiles
Result: NOTE
GNU make is a SystemRequirements.
Flavors: r-devel-linux-x86_64-debian-clang, r-devel-linux-x86_64-debian-gcc, r-devel-linux-x86_64-fedora-clang, r-devel-linux-x86_64-fedora-gcc, r-devel-windows-x86_64, r-patched-linux-x86_64, r-release-linux-x86_64, r-release-macos-arm64, r-release-macos-x86_64, r-release-windows-x86_64, r-oldrel-macos-arm64, r-oldrel-macos-x86_64, r-oldrel-windows-x86_64
Version: 1.0.3
Check: installed package size
Result: NOTE
installed size is 23.3Mb
sub-directories of 1Mb or more:
extdata 1.6Mb
libs 21.4Mb
Flavors: r-devel-windows-x86_64, r-release-macos-arm64, r-release-macos-x86_64, r-release-windows-x86_64, r-oldrel-macos-arm64, r-oldrel-macos-x86_64, r-oldrel-windows-x86_64